?
False
Is 18247 prime?
False
Is 11437 a composite number?
False
Is 11299 a prime number?
True
Is 10427 prime?
True
Is 10771 a prime number?
True
Is 11791 a prime number?
False
Is 47287 prime?
True
Is 522118 a composite number?
True
Is 37747 composite?
False
Is 176777 composite?
False
Is 114355 composite?
True
Is 3793 a composite number?
False
Is 43679 prime?
False
Is 3931193 a prime number?
False
Is 78249 a prime number?
False
Is 6637 a composite number?
False
Is 794779 a composite number?
False
Is 24143 prime?
False
Is 506047 a prime number?
True
Is 19567 prime?
False
Is 259421 a composite number?
False
Is 1753631 prime?
False
Is 4879987 a composite number?
True
Is 2 a prime number?
True
Is 20849 a composite number?
False
Is 7841 composite?
False
Is 2361718 a prime number?
False
Is 21727 a composite number?
False
Is 469787 a prime number?
True
Is 169583 a composite number?
False
Is 24031 a composite number?
True
Is 139703 a composite number?
False
Is 4659769 composite?
True
Is 108707 a composite number?
False
Is 74 prime?
False
Is 55487 a composite number?
False
Is 10823 composite?
True
Is 178679 a composite number?
True
Is 6331 a composite number?
True
Is 23447 composite?
False
Is 250777 a composite number?
False
Is 83653 a composite number?
False
Is 2557 composite?
False
Is 25223 a prime number?
False
Is 418493 a composite number?
False
Is 31677 a prime number?
False
Is 26057 a prime number?
False
Is 1709 a composite number?
False
Is 2798 a prime number?
False
Is 10477 a composite number?
False
Is 2551417 composite?
True
Is 642691 a composite number?
True
Is 1847 a prime number?
True
Is 676493 composite?
False
Is 139 a composite number?
False
Is 261673 a prime number?
True
Is 8803 prime?
True
Is 7193 a prime number?
True
Is 6711 composite?
True
Is 1543 composite?
False
Is 1892341 a composite number?
True
Is 5610233 prime?
True
Is 299213 a prime number?
True
Is 279941 prime?
True
Is 1773139 a prime number?
False
Is 78191 a prime number?
True
Is 2470189 prime?
True
Is 515737 prime?
True
Is 329761 prime?
True
Is 56083 a prime number?
False
Is 1254433 a prime number?
True
Is 744899 composite?
True
Is 14263 composite?
True
Is 15641 composite?
False
Is 219709 prime?
False
Is 2018 prime?
False
Is 8743 a composite number?
True
Is 70282 prime?
False
Is 342319 composite?
False
Is 80279 a composite number?
False
Is 1285381 a prime number?
True
Is 145771 a prime number?
True
Is 28439 prime?
True
Is 199639 prime?
False
Is 12061 composite?
True
Is 2153 a composite number?
False
Is 1583 a composite number?
False
Is 382269 composite?
True
Is 33211 composite?
False
Is 1621 prime?
True
Is 1969 a prime number?
False
Is 12113 composite?
False
Is 129517 a prime number?
True
Is 164789 a prime number?
True
Is 51971 a prime number?
True
Is 3239 composite?
True
Is 24251 composite?
False
Is 173339 composite?
True
Is 11029 prime?
False
Is 20602 composite?
True
Is 2023865 a composite number?
True
Is 1087 a prime number?
True
Is 855031 a prime number?
True
Is 106 a composite number?
True
Is 35339 a prime number?
True
Is 34603 prime?
True
Is 337 a composite number?
False
Is 12889 a prime number?
True
Is 56983 a composite number?
False
Is 4303 composite?
True
Is 4837 a prime number?
False
Is 219911 a composite number?
False
Is 53953 prime?
False
Is 104231 composite?
False
Is 1187 composite?
False
Is 110119 a composite number?
False
Is 16565 a composite number?
True
Is 58961 prime?
False
Is 2293 prime?
True
Is 1146929 a prime number?
False
Is 203185 prime?
False
Is 22409 a composite number?
False
Is 45039 composite?
True
Is 68311 a composite number?
False
Is 20701 a prime number?
False
Is 190139 a composite number?
True
Is 471103 prime?
False
Is 567197 a composite number?
True
Is 1135 a composite number?
True
Is 4111 a prime number?
True
Is 147034 a composite number?
True
Is 561917 a prime number?
True
Is 12361 prime?
False
Is 24643 a prime number?
False
Is 1942 prime?
False
Is 231419 a composite number?
False
Is 132721 a composite number?
False
Is 1074211 a prime number?
False
Is 248555 composite?
True
Is 3305 a prime number?
False
Is 2293 a composite number?
False
Is 4474 a prime number?
False
Is 5218 prime?
False
Is 324689 composite?
False
Is 785751 composite?
True
Is 3877219 prime?
True
Is 115341 prime?
False
Is 28255 prime?
False
Is 99271 prime?
False
Is 1091 a prime number?
True
Is 44617 a prime number?
True
Is 26777 a composite number?
False
Is 2182 composite?
True
Is 758 composite?
True
Is 1883 prime?
False
Is 48299 composite?
False
Is 3055213 prime?
False
Is 883489 composite?
False
Is 1181 prime?
True
Is 148609 prime?
True
Is 20513 prime?
False
Is 629806 a composite number?
True
Is 13033 composite?
False
Is 68473 a prime number?
True
Is 32537 composite?
False
Is 89153 composite?
False
Is 8471 a composite number?
True
Is 552989 a prime number?
False
Is 48847 composite?
False
Is 195089 a composite number?
False
Is 21557 a prime number?
True
Is 517711 a prime number?
True
Is 11829 prime?
False
Is 1079 a composite number?
True
Is 365059 prime?
False
Is 23143 a composite number?
False
Is 107339 a prime number?
True
Is 14221 a composite number?
False
Is 73751 a composite number?
False
Is 1657 a prime number?
True
Is 841099 composite?
True
Is 327647 composite?
False
Is 3859 a prime number?
False
Is 115897 a composite number?
True
Is 121042 a composite number?
True
Is 509477 composite?
False
Is 397 a prime number?
True
Is 713299 a prime number?
False
Is 159713 composite?
True
Is 84047 prime?
True
Is 547 a composite number?
False
Is 414049 a composite number?
False
Is 21647 composite?
False
Is 68729 composite?
False
Is 1877477 prime?
False
Is 205607 a composite number?
False
Is 62963 composite?
True
Is 31303 a composite number?
True
Is 54193 a composite number?
False
Is 10942 prime?
False
Is 44017 a composite number?
False
Is 353993 a prime number?
False
Is 2221 a composite number?
False
Is 1419469 a prime number?
True
Is 198791 a composite number?
True
Is 36521 a composite number?
True
Is 263 a prime number?
True
Is 23917 a composite number?
False
Is 821 prime?
True
Is 2031737 a composite number?
True
Is 644431 a composite number?
False
Is 116293 composite?
False
Is 12011 composite?
False
Is 43999 a prime number?
False
Is 154387 prime?
True
Is 3131833 a prime number?
True
Is 229123 composite?
False
Is 106163 composite?
False
Is 72337 a composite number?
False
Is 8443 prime?
True
Is 42059 a composite number?
True
Is 406291 prime?
False
Is 95377 a composite number?
True
Is 635 prime?
False
Is 496051 composite?
False
Is 307103 a composite number?
False
Is 19653 a prime number?
False
Is 11821 a prime number?
True
Is 6131 a prime number?
True
Is 26183 a prime number?
True
Is 2051 prime?
False
Is 76013 prime?
False
Is 138163 a composite number?
False
Is 907313 prime?
False
Is 2561579 composite?
True
Is 159374 composite?
True
Is 11485 a composite number?
True
Is 655558 a composite number?
True
Is 702907 prime?
False
Is 285673 a prime number?
True
Is 351911 a prime number?
False
Is 2323987 composite?
False
Is 12394 a prime number?
False
Is 293231 a composite number?
True
Is 84083 prime?
False
Is 4927 prime?
False
Is 3821 a composite number?
False
Is 15559 prime?
True
Is 13093 a prime number?
True
Is 436357 prime?
True
Is 205549 composite?
False
Is 294807 composite?
True
Is 63471 composite?
True
Is 2701 a composite number?
True
Is 1579021 prime?
False
Is 3793 composite?
False
Is 6218 a composite number?
True
Is 158419 a prime number?
True
Is 1218683 a prime number?
True
Is 16843 a prime number?
True
Is 175093 a prime number?
False
Is 1288094 a prime number?
False
Is 1285631 composite?
True
Is 1491227 a composite number?
False
Is 4769 a composite number?
True
Is 118097 composite?
True
Is 46219 composite?
False
Is 21211 composite?
False
Is 347801 prime?
True
Is 57257 composite?
True
Is 10901 prime?
False
Is 46369 a composite number?
True
Is 1366 prime?
False
Is 19063 a composite number?
True
Is 47549 a composite number?
True
Is 54871 composite?
True
Is 13451 composite?
False
Is 3817 a prime number?
False
Is 29917 prime?
True
Is 81281 a composite number?
False
Is 126083 a composite number?
True
Is 22613 a composite number?
False
Is 108079 composite?
False
Is 102497 a prime num